{"id":90,"date":"2025-02-10T11:37:43","date_gmt":"2025-02-10T08:37:43","guid":{"rendered":"http:\/\/www.onurkutlu.com.tr\/?page_id=90"},"modified":"2025-02-11T12:32:18","modified_gmt":"2025-02-11T09:32:18","slug":"anasayfa","status":"publish","type":"page","link":"https:\/\/www.onurkutlu.com.tr\/","title":{"rendered":"ANASAYFA"},"content":{"rendered":"\t\t<div data-elementor-type=\"wp-page\" data-elementor-id=\"90\" class=\"elementor elementor-90\" data-elementor-post-type=\"page\">\n\t\t\t\t<div class=\"elementor-element elementor-element-501f1989 e-flex e-con-boxed e-con e-parent\" data-id=\"501f1989\" data-element_type=\"container\" data-settings=\"{&quot;background_background&quot;:&quot;classic&quot;}\">\n\t\t\t\t\t<div class=\"e-con-inner\">\n\t\t<div class=\"elementor-element elementor-element-62649106 e-flex e-con-boxed e-con e-child\" data-id=\"62649106\" data-element_type=\"container\">\n\t\t\t\t\t<div class=\"e-con-inner\">\n\t\t\t\t<div class=\"elementor-element elementor-element-643efd04 elementor-invisible elementor-widget elementor-widget-heading\" data-id=\"643efd04\" data-element_type=\"widget\" data-settings=\"{&quot;_animation&quot;:&quot;fadeInDown&quot;}\" data-widget_type=\"heading.default\">\n\t\t\t\t<div class=\"elementor-widget-container\">\n\t\t\t<h1 class=\"elementor-heading-title elementor-size-default\">ONUR KUTLU<\/h1>\t\t<\/div>\n\t\t\t\t<\/div>\n\t\t\t\t<div class=\"elementor-element elementor-element-fa65bc0 elementor-invisible elementor-widget elementor-widget-heading\" data-id=\"fa65bc0\" data-element_type=\"widget\" data-settings=\"{&quot;_animation&quot;:&quot;fadeInDown&quot;}\" data-widget_type=\"heading.default\">\n\t\t\t\t<div class=\"elementor-widget-container\">\n\t\t\t<h2 class=\"elementor-heading-title elementor-size-default\">Turizm Yazar\u0131 ve Dijital Stratejist<\/h2>\t\t<\/div>\n\t\t\t\t<\/div>\n\t\t<div class=\"elementor-element elementor-element-346bf3e5 e-flex e-con-boxed e-con e-child\" data-id=\"346bf3e5\" data-element_type=\"container\">\n\t\t\t\t\t<div class=\"e-con-inner\">\n\t\t<div class=\"elementor-element elementor-element-5c513122 e-con-full e-flex e-con e-child\" data-id=\"5c513122\" data-element_type=\"container\">\n\t\t\t\t<div class=\"elementor-element elementor-element-5a91c1be elementor-invisible elementor-widget elementor-widget-heading\" data-id=\"5a91c1be\" data-element_type=\"widget\" data-settings=\"{&quot;_animation&quot;:&quot;fadeInUp&quot;}\" data-widget_type=\"heading.default\">\n\t\t\t\t<div class=\"elementor-widget-container\">\n\t\t\t<h2 class=\"elementor-heading-title elementor-size-default\">Hakk\u0131mda<\/h2>\t\t<\/div>\n\t\t\t\t<\/div>\n\t\t\t\t<div class=\"elementor-element elementor-element-9321d15 elementor-invisible elementor-widget elementor-widget-text-editor\" data-id=\"9321d15\" data-element_type=\"widget\" data-settings=\"{&quot;_animation&quot;:&quot;fadeInUp&quot;}\" data-widget_type=\"text-editor.default\">\n\t\t\t\t<div class=\"elementor-widget-container\">\n\t\t\t\t\t\t\tMerhaba Ben, Onur Kutlu. Av\u015fa Adas\u0131&#8217;n\u0131n tarihi ve do\u011fal g\u00fczellikleriyle i\u00e7 i\u00e7e bir ya\u015fam s\u00fcr\u00fcyorum. Bu birikimle, Av\u015fa Adas\u0131\u2019n\u0131n turizm potansiyelini ke\u015ffetmek ve bu g\u00fczellikleri geni\u015f kitlelere tan\u0131tmak amac\u0131yla 2013 y\u0131l\u0131nda <strong>Av\u015fa Adas\u0131 Tatil Rehberi<\/strong> markas\u0131n\u0131 kurdum. Ayn\u0131 zamanda, Band\u0131rma\u2019da faaliyet g\u00f6steren Kutlu Creative adl\u0131 web tasar\u0131m firmamla, Bal\u0131kesir genelinde i\u015fletmelere dijital \u00e7\u00f6z\u00fcmler sunuyorum.\n\nUzun y\u0131llara dayanan deneyimim sayesinde, Av\u015fa Adas\u0131\u2019n\u0131n en gizli koylar\u0131ndan konaklama se\u00e7eneklerine, lezzetli yeme-i\u00e7me mekanlar\u0131ndan ke\u015fif rotalar\u0131na kadar her detay\u0131 yak\u0131ndan tan\u0131ma f\u0131rsat\u0131 buldum. Bu kapsaml\u0131 bilgi birikimi, haz\u0131rlad\u0131\u011f\u0131m i\u00e7eriklerin do\u011fru, g\u00fcncel ve ziyaret\u00e7ilere yol g\u00f6sterici olmas\u0131n\u0131 sa\u011fl\u0131yor.\n\nTurizm yazar\u0131 ve Dijital Stratejist olarak, b\u00f6lgesel uzmanl\u0131\u011f\u0131m\u0131 ve yerel i\u015fletmelerle olan g\u00fc\u00e7l\u00fc ili\u015fkilerimi kullanarak, Av\u015fa Adas\u0131\u2019n\u0131n turizmde hak etti\u011fi yere ula\u015fmas\u0131 i\u00e7in \u00e7al\u0131\u015f\u0131yorum. Yarat\u0131c\u0131 i\u00e7erik stratejileri geli\u015ftirme konusundaki uzmanl\u0131\u011f\u0131m sayesinde, hem yerel i\u015fletmelerin dijital varl\u0131klar\u0131n\u0131 g\u00fc\u00e7lendirmelerine hem de ziyaret\u00e7ilere do\u011fru bilgi sunmalar\u0131na katk\u0131 sa\u011fl\u0131yorum.\n\nBenim i\u00e7in \u00f6nemli olan, ziyaret\u00e7ilerime g\u00fcvenilir, do\u011frulanabilir ve kaliteli bilgiler sunarak onlar\u0131n tatil deneyimlerini en iyi \u015fekilde planlamalar\u0131na yard\u0131mc\u0131 olmak. Yazd\u0131\u011f\u0131m rehberlerde, deneyimlerimden yola \u00e7\u0131karak ger\u00e7ek bilgiler sunmay\u0131 ve misafirlerime b\u00f6lgeyi en do\u011fru \u015fekilde tan\u0131tmay\u0131 hedefliyorum.\t\t\t\t\t\t<\/div>\n\t\t\t\t<\/div>\n\t\t<div class=\"elementor-element elementor-element-a70ae21 e-con-full e-flex e-con e-child\" data-id=\"a70ae21\" data-element_type=\"container\">\n\t\t\t\t<div class=\"elementor-element elementor-element-4440bb5 elementor-invisible elementor-widget elementor-widget-heading\" data-id=\"4440bb5\" data-element_type=\"widget\" data-settings=\"{&quot;_animation&quot;:&quot;fadeInUp&quot;,&quot;_animation_delay&quot;:200}\" data-widget_type=\"heading.default\">\n\t\t\t\t<div class=\"elementor-widget-container\">\n\t\t\t<h3 class=\"elementor-heading-title elementor-size-default\">10 YILLIK TECR\u00dcBE<\/h3>\t\t<\/div>\n\t\t\t\t<\/div>\n\t\t\t\t<div class=\"elementor-element elementor-element-6373450 elementor-invisible elementor-widget elementor-widget-heading\" data-id=\"6373450\" data-element_type=\"widget\" data-settings=\"{&quot;_animation&quot;:&quot;fadeInUp&quot;}\" data-widget_type=\"heading.default\">\n\t\t\t\t<div class=\"elementor-widget-container\">\n\t\t\t<h6 class=\"elementor-heading-title elementor-size-default\">\u0130\u00e7erik stratejileri geli\u015ftirme ve uygulama<\/h6>\t\t<\/div>\n\t\t\t\t<\/div>\n\t\t\t\t<div class=\"elementor-element elementor-element-8a76bb5 elementor-invisible elementor-widget elementor-widget-heading\" data-id=\"8a76bb5\" data-element_type=\"widget\" data-settings=\"{&quot;_animation&quot;:&quot;fadeInUp&quot;,&quot;_animation_delay&quot;:400}\" data-widget_type=\"heading.default\">\n\t\t\t\t<div class=\"elementor-widget-container\">\n\t\t\t<h6 class=\"elementor-heading-title elementor-size-default\">B\u00d6LGESEL UZMANLIK<\/h6>\t\t<\/div>\n\t\t\t\t<\/div>\n\t\t\t\t<div class=\"elementor-element elementor-element-ca03584 elementor-invisible elementor-widget elementor-widget-heading\" data-id=\"ca03584\" data-element_type=\"widget\" data-settings=\"{&quot;_animation&quot;:&quot;fadeInUp&quot;,&quot;_animation_delay&quot;:400}\" data-widget_type=\"heading.default\">\n\t\t\t\t<div class=\"elementor-widget-container\">\n\t\t\t<h6 class=\"elementor-heading-title elementor-size-default\">GER\u00c7EK SEYAHAT DENEY\u0130MLER\u0130<\/h6>\t\t<\/div>\n\t\t\t\t<\/div>\n\t\t\t\t<\/div>\n\t\t\t\t<div class=\"elementor-element elementor-element-49c437a elementor-invisible elementor-widget elementor-widget-heading\" data-id=\"49c437a\" data-element_type=\"widget\" data-settings=\"{&quot;_animation&quot;:&quot;fadeInUp&quot;}\" data-widget_type=\"heading.default\">\n\t\t\t\t<div class=\"elementor-widget-container\">\n\t\t\t<h2 class=\"elementor-heading-title elementor-size-default\">\u0130leti\u015fim<\/h2>\t\t<\/div>\n\t\t\t\t<\/div>\n\t\t\t\t<div class=\"elementor-element elementor-element-539165a elementor-align-left elementor-icon-list--layout-traditional elementor-list-item-link-full_width elementor-invisible elementor-widget elementor-widget-icon-list\" data-id=\"539165a\" data-element_type=\"widget\" data-settings=\"{&quot;_animation&quot;:&quot;fadeInUp&quot;}\" data-widget_type=\"icon-list.default\">\n\t\t\t\t<div class=\"elementor-widget-container\">\n\t\t\t\t\t<ul class=\"elementor-icon-list-items\">\n\t\t\t\t\t\t\t<li class=\"elementor-icon-list-item\">\n\t\t\t\t\t\t\t\t\t\t\t<span class=\"elementor-icon-list-icon\">\n\t\t\t\t\t\t\t<svg aria-hidden=\"true\" class=\"e-font-icon-svg e-fab-telegram-plane\" viewBox=\"0 0 448 512\" xmlns=\"http:\/\/www.w3.org\/2000\/svg\"><path d=\"M446.7 98.6l-67.6 318.8c-5.1 22.5-18.4 28.1-37.3 17.5l-103-75.9-49.7 47.8c-5.5 5.5-10.1 10.1-20.7 10.1l7.4-104.9 190.9-172.5c8.3-7.4-1.8-11.5-12.9-4.1L117.8 284 16.2 252.2c-22.1-6.9-22.5-22.1 4.6-32.7L418.2 66.4c18.4-6.9 34.5 4.1 28.5 32.2z\"><\/path><\/svg>\t\t\t\t\t\t<\/span>\n\t\t\t\t\t\t\t\t\t\t<span class=\"elementor-icon-list-text\">bilgi@onurkutlu.com.tr<\/span>\n\t\t\t\t\t\t\t\t\t<\/li>\n\t\t\t\t\t\t\t\t<li class=\"elementor-icon-list-item\">\n\t\t\t\t\t\t\t\t\t\t\t<a href=\"tel:0532%20483%2066%2017\">\n\n\t\t\t\t\t\t\t\t\t\t\t\t<span class=\"elementor-icon-list-icon\">\n\t\t\t\t\t\t\t<svg aria-hidden=\"true\" class=\"e-font-icon-svg e-fas-mobile-alt\" viewBox=\"0 0 320 512\" xmlns=\"http:\/\/www.w3.org\/2000\/svg\"><path d=\"M272 0H48C21.5 0 0 21.5 0 48v416c0 26.5 21.5 48 48 48h224c26.5 0 48-21.5 48-48V48c0-26.5-21.5-48-48-48zM160 480c-17.7 0-32-14.3-32-32s14.3-32 32-32 32 14.3 32 32-14.3 32-32 32zm112-108c0 6.6-5.4 12-12 12H60c-6.6 0-12-5.4-12-12V60c0-6.6 5.4-12 12-12h200c6.6 0 12 5.4 12 12v312z\"><\/path><\/svg>\t\t\t\t\t\t<\/span>\n\t\t\t\t\t\t\t\t\t\t<span class=\"elementor-icon-list-text\">0532 483 66 17<\/span>\n\t\t\t\t\t\t\t\t\t\t\t<\/a>\n\t\t\t\t\t\t\t\t\t<\/li>\n\t\t\t\t\t\t\t\t<li class=\"elementor-icon-list-item\">\n\t\t\t\t\t\t\t\t\t\t\t<span class=\"elementor-icon-list-icon\">\n\t\t\t\t\t\t\t<svg aria-hidden=\"true\" class=\"e-font-icon-svg e-fas-map-pin\" viewBox=\"0 0 288 512\" xmlns=\"http:\/\/www.w3.org\/2000\/svg\"><path d=\"M112 316.94v156.69l22.02 33.02c4.75 7.12 15.22 7.12 19.97 0L176 473.63V316.94c-10.39 1.92-21.06 3.06-32 3.06s-21.61-1.14-32-3.06zM144 0C64.47 0 0 64.47 0 144s64.47 144 144 144 144-64.47 144-144S223.53 0 144 0zm0 76c-37.5 0-68 30.5-68 68 0 6.62-5.38 12-12 12s-12-5.38-12-12c0-50.73 41.28-92 92-92 6.62 0 12 5.38 12 12s-5.38 12-12 12z\"><\/path><\/svg>\t\t\t\t\t\t<\/span>\n\t\t\t\t\t\t\t\t\t\t<span class=\"elementor-icon-list-text\">Okullar Caddesi No:20\/1 Av\u015fa Adas\u0131, 10940 Marmara\/Bal\u0131kesir<\/span>\n\t\t\t\t\t\t\t\t\t<\/li>\n\t\t\t\t\t\t\t\t<li class=\"elementor-icon-list-item\">\n\t\t\t\t\t\t\t\t\t\t\t<a href=\"https:\/\/www.instagram.com\/onurkutlucreative\">\n\n\t\t\t\t\t\t\t\t\t\t\t\t<span class=\"elementor-icon-list-icon\">\n\t\t\t\t\t\t\t<svg aria-hidden=\"true\" class=\"e-font-icon-svg e-fab-instagram\" viewBox=\"0 0 448 512\" xmlns=\"http:\/\/www.w3.org\/2000\/svg\"><path d=\"M224.1 141c-63.6 0-114.9 51.3-114.9 114.9s51.3 114.9 114.9 114.9S339 319.5 339 255.9 287.7 141 224.1 141zm0 189.6c-41.1 0-74.7-33.5-74.7-74.7s33.5-74.7 74.7-74.7 74.7 33.5 74.7 74.7-33.6 74.7-74.7 74.7zm146.4-194.3c0 14.9-12 26.8-26.8 26.8-14.9 0-26.8-12-26.8-26.8s12-26.8 26.8-26.8 26.8 12 26.8 26.8zm76.1 27.2c-1.7-35.9-9.9-67.7-36.2-93.9-26.2-26.2-58-34.4-93.9-36.2-37-2.1-147.9-2.1-184.9 0-35.8 1.7-67.6 9.9-93.9 36.1s-34.4 58-36.2 93.9c-2.1 37-2.1 147.9 0 184.9 1.7 35.9 9.9 67.7 36.2 93.9s58 34.4 93.9 36.2c37 2.1 147.9 2.1 184.9 0 35.9-1.7 67.7-9.9 93.9-36.2 26.2-26.2 34.4-58 36.2-93.9 2.1-37 2.1-147.8 0-184.8zM398.8 388c-7.8 19.6-22.9 34.7-42.6 42.6-29.5 11.7-99.5 9-132.1 9s-102.7 2.6-132.1-9c-19.6-7.8-34.7-22.9-42.6-42.6-11.7-29.5-9-99.5-9-132.1s-2.6-102.7 9-132.1c7.8-19.6 22.9-34.7 42.6-42.6 29.5-11.7 99.5-9 132.1-9s102.7-2.6 132.1 9c19.6 7.8 34.7 22.9 42.6 42.6 11.7 29.5 9 99.5 9 132.1s2.7 102.7-9 132.1z\"><\/path><\/svg>\t\t\t\t\t\t<\/span>\n\t\t\t\t\t\t\t\t\t\t<span class=\"elementor-icon-list-text\">\/onurkutlucreative<\/span>\n\t\t\t\t\t\t\t\t\t\t\t<\/a>\n\t\t\t\t\t\t\t\t\t<\/li>\n\t\t\t\t\t\t\t\t<li class=\"elementor-icon-list-item\">\n\t\t\t\t\t\t\t\t\t\t\t<a href=\"https:\/\/www.facebook.com\/onurkutlucreative\/\">\n\n\t\t\t\t\t\t\t\t\t\t\t\t<span class=\"elementor-icon-list-icon\">\n\t\t\t\t\t\t\t<svg aria-hidden=\"true\" class=\"e-font-icon-svg e-fab-facebook-f\" viewBox=\"0 0 320 512\" xmlns=\"http:\/\/www.w3.org\/2000\/svg\"><path d=\"M279.14 288l14.22-92.66h-88.91v-60.13c0-25.35 12.42-50.06 52.24-50.06h40.42V6.26S260.43 0 225.36 0c-73.22 0-121.08 44.38-121.08 124.72v70.62H22.89V288h81.39v224h100.17V288z\"><\/path><\/svg>\t\t\t\t\t\t<\/span>\n\t\t\t\t\t\t\t\t\t\t<span class=\"elementor-icon-list-text\">\/onurkutlucreative<\/span>\n\t\t\t\t\t\t\t\t\t\t\t<\/a>\n\t\t\t\t\t\t\t\t\t<\/li>\n\t\t\t\t\t\t\t\t<li class=\"elementor-icon-list-item\">\n\t\t\t\t\t\t\t\t\t\t\t<a href=\"https:\/\/www.linkedin.com\/in\/onur-kutlu\/\">\n\n\t\t\t\t\t\t\t\t\t\t\t\t<span class=\"elementor-icon-list-icon\">\n\t\t\t\t\t\t\t<svg aria-hidden=\"true\" class=\"e-font-icon-svg e-fab-linkedin-in\" viewBox=\"0 0 448 512\" xmlns=\"http:\/\/www.w3.org\/2000\/svg\"><path d=\"M100.28 448H7.4V148.9h92.88zM53.79 108.1C24.09 108.1 0 83.5 0 53.8a53.79 53.79 0 0 1 107.58 0c0 29.7-24.1 54.3-53.79 54.3zM447.9 448h-92.68V302.4c0-34.7-.7-79.2-48.29-79.2-48.29 0-55.69 37.7-55.69 76.7V448h-92.78V148.9h89.08v40.8h1.3c12.4-23.5 42.69-48.3 87.88-48.3 94 0 111.28 61.9 111.28 142.3V448z\"><\/path><\/svg>\t\t\t\t\t\t<\/span>\n\t\t\t\t\t\t\t\t\t\t<span class=\"elementor-icon-list-text\">in\/onur-kutlu\/<\/span>\n\t\t\t\t\t\t\t\t\t\t\t<\/a>\n\t\t\t\t\t\t\t\t\t<\/li>\n\t\t\t\t\t\t<\/ul>\n\t\t\t\t<\/div>\n\t\t\t\t<\/div>\n\t\t\t\t<\/div>\n\t\t<div class=\"elementor-element elementor-element-51e92e12 e-con-full e-flex e-con e-child\" data-id=\"51e92e12\" data-element_type=\"container\">\n\t\t\t\t<div class=\"elementor-element elementor-element-65f3a978 elementor-invisible elementor-widget elementor-widget-image\" data-id=\"65f3a978\" data-element_type=\"widget\" data-settings=\"{&quot;_animation&quot;:&quot;fadeInUp&quot;}\" data-widget_type=\"image.default\">\n\t\t\t\t<div class=\"elementor-widget-container\">\n\t\t\t\t\t\t\t\t\t\t\t\t\t<img fetchpriority=\"high\" decoding=\"async\" width=\"1823\" height=\"1847\" src=\"https:\/\/www.onurkutlu.com.tr\/wp-content\/uploads\/2024\/10\/onur-kutlu-e1729932331587.jpeg\" class=\"attachment-full size-full wp-image-93\" alt=\"\" srcset=\"https:\/\/www.onurkutlu.com.tr\/wp-content\/uploads\/2024\/10\/onur-kutlu-e1729932331587.jpeg 1823w, https:\/\/www.onurkutlu.com.tr\/wp-content\/uploads\/2024\/10\/onur-kutlu-e1729932331587-296x300.jpeg 296w, https:\/\/www.onurkutlu.com.tr\/wp-content\/uploads\/2024\/10\/onur-kutlu-e1729932331587-1011x1024.jpeg 1011w, https:\/\/www.onurkutlu.com.tr\/wp-content\/uploads\/2024\/10\/onur-kutlu-e1729932331587-768x778.jpeg 768w, https:\/\/www.onurkutlu.com.tr\/wp-content\/uploads\/2024\/10\/onur-kutlu-e1729932331587-1516x1536.jpeg 1516w\" sizes=\"(max-width: 1823px) 100vw, 1823px\" \/>\t\t\t\t\t\t\t\t\t\t\t\t\t<\/div>\n\t\t\t\t<\/div>\n\t\t\t\t<div class=\"elementor-element elementor-element-d56399f elementor-invisible elementor-widget elementor-widget-heading\" data-id=\"d56399f\" data-element_type=\"widget\" data-settings=\"{&quot;_animation&quot;:&quot;fadeInUp&quot;}\" data-widget_type=\"heading.default\">\n\t\t\t\t<div class=\"elementor-widget-container\">\n\t\t\t<h6 class=\"elementor-heading-title elementor-size-default\">PROJELER\u0130M<\/h6>\t\t<\/div>\n\t\t\t\t<\/div>\n\t\t\t\t<div class=\"elementor-element elementor-element-da15944 elementor-vertical-align-top elementor-invisible elementor-widget elementor-widget-image-box\" data-id=\"da15944\" data-element_type=\"widget\" data-settings=\"{&quot;_animation&quot;:&quot;fadeInUp&quot;}\" data-widget_type=\"image-box.default\">\n\t\t\t\t<div class=\"elementor-widget-container\">\n\t\t\t<div class=\"elementor-image-box-wrapper\"><div class=\"elementor-image-box-content\"><p class=\"elementor-image-box-title\"><a href=\"https:\/\/avsa.bandirma.com.tr\">Av\u015fa Adas\u0131 Tatil Rehberi<\/a><\/p><p class=\"elementor-image-box-description\">https:\/\/avsa.bandirma.com.tr<\/p><\/div><\/div>\t\t<\/div>\n\t\t\t\t<\/div>\n\t\t\t\t<div class=\"elementor-element elementor-element-b726403 elementor-vertical-align-top elementor-invisible elementor-widget elementor-widget-image-box\" data-id=\"b726403\" data-element_type=\"widget\" data-settings=\"{&quot;_animation&quot;:&quot;fadeInUp&quot;}\" data-widget_type=\"image-box.default\">\n\t\t\t\t<div class=\"elementor-widget-container\">\n\t\t\t<div class=\"elementor-image-box-wrapper\"><div class=\"elementor-image-box-content\"><p class=\"elementor-image-box-title\">Av\u015fa Adas\u0131 Turistik Rehberi<\/p><p class=\"elementor-image-box-description\">https:\/\/www.avsaisland.com<\/p><\/div><\/div>\t\t<\/div>\n\t\t\t\t<\/div>\n\t\t\t\t<div class=\"elementor-element elementor-element-6ef8449 elementor-vertical-align-top elementor-invisible elementor-widget elementor-widget-image-box\" data-id=\"6ef8449\" data-element_type=\"widget\" data-settings=\"{&quot;_animation&quot;:&quot;fadeInUp&quot;}\" data-widget_type=\"image-box.default\">\n\t\t\t\t<div class=\"elementor-widget-container\">\n\t\t\t<div class=\"elementor-image-box-wrapper\"><div class=\"elementor-image-box-content\"><p class=\"elementor-image-box-title\">Av\u015fa Adas\u0131 \u015eehir Rehberi<\/p><p class=\"elementor-image-box-description\">https:\/\/www.avsaadasi.com.tr<\/p><\/div><\/div>\t\t<\/div>\n\t\t\t\t<\/div>\n\t\t\t\t<div class=\"elementor-element elementor-element-1c36763 elementor-vertical-align-top elementor-invisible elementor-widget elementor-widget-image-box\" data-id=\"1c36763\" data-element_type=\"widget\" data-settings=\"{&quot;_animation&quot;:&quot;fadeInUp&quot;}\" data-widget_type=\"image-box.default\">\n\t\t\t\t<div class=\"elementor-widget-container\">\n\t\t\t<div class=\"elementor-image-box-wrapper\"><div class=\"elementor-image-box-content\"><p class=\"elementor-image-box-title\">Av\u015fa Adas\u0131 Konaklama Rehberi<\/p><p class=\"elementor-image-box-description\">https:\/\/www.avsaadasikonaklama.com<\/p><\/div><\/div>\t\t<\/div>\n\t\t\t\t<\/div>\n\t\t\t\t<div class=\"elementor-element elementor-element-ca8b8d0 elementor-vertical-align-top elementor-invisible elementor-widget elementor-widget-image-box\" data-id=\"ca8b8d0\" data-element_type=\"widget\" data-settings=\"{&quot;_animation&quot;:&quot;fadeInUp&quot;}\" data-widget_type=\"image-box.default\">\n\t\t\t\t<div class=\"elementor-widget-container\">\n\t\t\t<div class=\"elementor-image-box-wrapper\"><div class=\"elementor-image-box-content\"><p class=\"elementor-image-box-title\">Av\u015fa Adas\u0131 Ula\u015f\u0131m Rehberi<\/p><p class=\"elementor-image-box-description\">www.avsa-adasi.com<\/p><\/div><\/div>\t\t<\/div>\n\t\t\t\t<\/div>\n\t\t\t\t<div class=\"elementor-element elementor-element-9755946 elementor-vertical-align-top elementor-invisible elementor-widget elementor-widget-image-box\" data-id=\"9755946\" data-element_type=\"widget\" data-settings=\"{&quot;_animation&quot;:&quot;fadeInUp&quot;}\" data-widget_type=\"image-box.default\">\n\t\t\t\t<div class=\"elementor-widget-container\">\n\t\t\t<div class=\"elementor-image-box-wrapper\"><div class=\"elementor-image-box-content\"><p class=\"elementor-image-box-title\">Turizm Rehberi<\/p><p class=\"elementor-image-box-description\">https:\/\/www.otel10.com<\/p><\/div><\/div>\t\t<\/div>\n\t\t\t\t<\/div>\n\t\t\t\t<\/div>\n\t\t\t\t\t<\/div>\n\t\t\t\t<\/div>\n\t\t\t\t\t<\/div>\n\t\t\t\t<\/div>\n\t\t\t\t\t<\/div>\n\t\t\t\t<\/div>\n\t\t\t\t<\/div>\n\t\t","protected":false},"excerpt":{"rendered":"<p>ONUR KUTLU Turizm Yazar\u0131 ve Dijital Stratejist Hakk\u0131mda Merhaba Ben, Onur Kutlu. Av\u015fa Adas\u0131&#8217;n\u0131n tarihi ve do\u011fal g\u00fczellikleriyle i\u00e7 i\u00e7e bir ya\u015fam s\u00fcr\u00fcyorum. Bu birikimle, Av\u015fa Adas\u0131\u2019n\u0131n turizm potansiyelini ke\u015ffetmek ve bu g\u00fczellikleri geni\u015f kitlelere tan\u0131tmak amac\u0131yla 2013 y\u0131l\u0131nda Av\u015fa Adas\u0131 Tatil Rehberi markas\u0131n\u0131 kurdum. Ayn\u0131 zamanda, Band\u0131rma\u2019da faaliyet g\u00f6steren Kutlu Creative adl\u0131 web tasar\u0131m [&hellip;]<\/p>\n","protected":false},"author":1,"featured_media":0,"parent":0,"menu_order":0,"comment_status":"closed","ping_status":"closed","template":"elementor_header_footer","meta":{"om_disable_all_campaigns":false,"_monsterinsights_skip_tracking":false,"_monsterinsights_sitenote_active":false,"_monsterinsights_sitenote_note":"","_monsterinsights_sitenote_category":0,"footnotes":""},"class_list":["post-90","page","type-page","status-publish","hentry"],"aioseo_notices":[],"_links":{"self":[{"href":"https:\/\/www.onurkutlu.com.tr\/index.php\/wp-json\/wp\/v2\/pages\/90","targetHints":{"allow":["GET"]}}],"collection":[{"href":"https:\/\/www.onurkutlu.com.tr\/index.php\/wp-json\/wp\/v2\/pages"}],"about":[{"href":"https:\/\/www.onurkutlu.com.tr\/index.php\/wp-json\/wp\/v2\/types\/page"}],"author":[{"embeddable":true,"href":"https:\/\/www.onurkutlu.com.tr\/index.php\/wp-json\/wp\/v2\/users\/1"}],"replies":[{"embeddable":true,"href":"https:\/\/www.onurkutlu.com.tr\/index.php\/wp-json\/wp\/v2\/comments?post=90"}],"version-history":[{"count":46,"href":"https:\/\/www.onurkutlu.com.tr\/index.php\/wp-json\/wp\/v2\/pages\/90\/revisions"}],"predecessor-version":[{"id":145,"href":"https:\/\/www.onurkutlu.com.tr\/index.php\/wp-json\/wp\/v2\/pages\/90\/revisions\/145"}],"wp:attachment":[{"href":"https:\/\/www.onurkutlu.com.tr\/index.php\/wp-json\/wp\/v2\/media?parent=90"}],"curies":[{"name":"wp","href":"https:\/\/api.w.org\/{rel}","templated":true}]}}